+ 3)) - -10
11
-263 - (-41 + -33) - -98
-91
Calculate -65 + 1 + (-238 - -83) + 135.
-84
Evaluate -51 - (7 + (2 - 19) + (0 - 11) + 11).
-41
Calculate -68 - -123 - 97 - -26.
-16
What is the value of 41 + -51 + 9 + -9 + -5?
-15
Calculate -6 + (43 - 19) + -2 + (5 - -1) + 0.
22
What is 0 + (-2 - -12) + (-2 - -2) + (26689 - 26786)?
-87
Evaluate (15 + 1 - (-228 + 258)) + -22.
-36
Calculate (9 - 32) + 142 + 1.
120
What is the value of (-1 - -22) + 12 + -10 + 1 + -240 + 227?
11
What is the value of -9 - 7 - 45 - -25?
-36
Calculate 0 - -13 - ((-16 - -2) + 9) - -28.
46
Evaluate 11 + -78 - ((8 - 10) + 0 - (-1 + 7)).
-59
(113 - 262) + 239 + (-18 - (0 - -1))
71
-14 + -1 - (90 + -100) - 20
-25
17 + (-5 - -9) + -6 - (171 - 164)
8
What is the value of 2 + (-2 + 1 - -35) + -648 + 648?
36
Evaluate 3 + -4 + -3 + 1 - 139 - (-11537 - -11525).
-130
What is 36 + -38 + (9 - 101) + 11 + -6?
-89
Calculate 25 - (-53 + 35 + (-15 - -8)).
50
Calculate (4 - 72) + 132 - -21.
85
What is the value of (48 - -2 - (995 + -963)) + -147 + -3?
-132
Calculate 780 + -771 + (-78 - 12).
-81
Calculate 55 + -27 + (-16 - (-11 + 16)).
7
67 + -55 + (2 - (-88 + 7 + -9 + -7))
111
What is -5 - 28 - -36 - -9?
12
(23 - 16) + -1 + (-55 - 61)
-110
Calculate (0 - -2 - 3) + -35 + (57 + -57 - 4).
-40
What is the value of (-124 - -183) + -82 - -53?
30
3 - 13 - (16 + (-60 - 0) + -18)
52
Calculate 17 - (-19 + -39 + 35 + 5 + 1).
34
What is the value of 27 - (-73 - -44 - -174)?
-118
-2 - 46 - (-3 + (12 - 13))
-44
Evaluate (102 - 114) + -55 - (0 + 1 - 14).
-54
63 + -38 + (-18 - (-2 - 4)) - 15
-2
What is the value of (9906 - 9921) + (31 - 1)?
15
What is the value of (-9 + -11 + 10 - -13) + (34 - 59)?
-22
What is 75 + -75 + (-22 - 56) + -16?
-94
What is the value of 27 + (-2 - (-10 - (-8 - 6)))?
21
Calculate -48 + (-31 - -81) + -43.
-41
What is (23 + (8 - 27) - 28) + -17?
-41
Calculate (-35 - -2 - -26) + -151 + (3 - -2) + 4.
-149
1 - (-19 + 0 + (2 - -11) + -14)
21
What is (-31 - (2 - -26)) + 32?
-27
12 + -20 + -15 + 6 + 6 - (1 - -18)
-30
What is the value of -1 + -33 + (-41 - (4 + -23)) + 36?
-20
Evaluate -178 + 78 + 62 + -29.
-67
What is -131 + (62 - -18) - 34?
-85
Calculate 6 + (6 - (2 - -27)) - (-5 + 20).
-32
Evaluate (3 - 54) + (630 - 552).
27
What is the value of -49 + (27 - (-23 + -49))?
50
What is -151 - ((-70 - 39) + -10)?
-32
What is the value of (0 - 3) + (-9 - -3) - (18 - -16)?
-43
Evaluate 150 + -11 + (-128 - 117).
-106
What is (9 - (2 + 20 - 2)) + -14 + (6 - -19)?
0
(6 - 1) + (-195 - -173) - 40
-57
What is 50 - -3 - (-2510 - -2560)?
3
What is (1 + -20 - -8) + (50 - 69) + 0 + 2?
-28
What is the value of -6 + (-63 - (-93 + -36))?
60
What is the value of 0 + 6 + (1 - (-35 + -3)) + (29 - 24)?
50
23 - (42 - (-19 - -9) - 10)
-19
(-37 - (-115 - -120)) + 96
54
Evaluate (-9 - -10 - (18 - 14 - (-11 - -8))) + -99.
-105
Evaluate 55 - 1 - (9 - 21 - -16).
50
What is -14 + (6 - ((19 - (1 + 10) - 1) + 8))?
-23
What is the value of -112 + (-28 + 26 + -31 - -57)?
-88
Calculate 75 - (-7 + 0 + -11 + 15 - (-102 + 102)).
78
What is (9 - (38 + 3 + -25)) + -1 + 97?
89
What is (-1 + 19 - 41) + 177 + (16 - 27)?
143
What is -100 - -1 - (-11328 - -11256)?
-27
Evaluate -52 + -1 + 5083 + -5087.
-57
Evaluate (34 - -18) + (9 - (6 + (5 - 4))).
54
(21 + -12 - (-1 - 2)) + (-12 - -4)
4
Calculate 3 + 60 - (234 + -198).
27
What is -114 + -90 + 167 - -7?
-30
Calculate 2 + -2 + 12 + 26 + -34 + (-18 - 4).
-18
46 + (-4 - 47 - -48)
43
What is (-5 - -11 - (-38 + 49)) + -11?
-16
What is -61 + -10 - (-115 - -99)?
-55
What is the value of -77 - (-11 + (-18 - 3 - -14)) - (-9 + 0)?
-50
Calculate -24 - (-18 + 25) - (-12 + 11 + -5 + 0).
-25
16 + (38 - -46) + (-4 - (-3 - -10))
89
Calculate 26 + -20 + 9 + (-4 - -19).
30
Evaluate -66 + (-1 - ((1 - 2) + 3)) + (141 - 134).
-62
What is the value of (407 + -329 - (1 - 14)) + 3 + -13?
81
What is -21 + (7 - 27 - (5 - 88))?
42
Calculate 5 + ((83 - 69 - (-1 + 11)) + 2 - -32).
43
What is -19 - 1 - 0 - ((31 - 31) + (37 - 27))?
-30
2 + -15 - (-186 - -158) - (2 + 4)
9
3 - -4 - (-19 - ((-21 - -15) + -99))
-79
(5 - (4 - -2) - -8) + -1 + -21 + 30
15
What is 63 - 71 - 5 - (-153 - (3 - -1))?
144
Calculate (-2 + 1 - 1) + 3 + -33 + (-31 - -22).
-41
-1153 + 1134 + (1 - (75 - 2))
-91
Evaluate 50 + (-29 - -48 - 106).
-37
What is the value of -14 - (-32 + 17 + (-4 - -3))?
2
What is (200 - 107 - 104) + (0 - 0)?
-11
What is the value of (5 + 1 - (14 - -5)) + (38 - 33)?
-8
What is (-205 - (-48 + -45)) + -4?
-116
What is -402 + 400 + (0 - (4 + (1 - 10))) + 2?
5
Calculate 43 - (30 - (114 + -61)).
66
Calculate 10 - ((-25 - -14) + 1 + (18 - 0)).
2
What is the value of (-143 - (-204 - -39)) + (1 - -22)?
45
What is the value of 551 + -585 + -3 + 0?
-37
(-1 - (-1 + 0) - (-339 - -351)) + 82
70
Evaluate (3 - 0) + (5 - (-9 + 22)) + (40 - 52).
-17
Evaluate -44 + 42 - -1 - (10 + -1) - (-7 + 2).
-5
18 + 1 + (-163 - -160)
16
57 - (-8 - -47) - 63
-45
What is the value of 20 + 52 + -48 + 82?
106
What is -4 - (-48 - (22 + -19 - 2))?
45
Calculate -10 + (-8 - 20) + (-91 - -89).
-40
Evaluate (0 - 103) + -1 - (-144 - -138 - (-8 - -12)).
-94
Evaluate 3 + (-187 + 178 - (-1 + -8 - -1)).
2
What is the value of 8 - (-5 + (-26 - (-15 + -89)))?
-65
Calculate 0 + 163 + (252 - (-170 + 429)).
156
Evaluate -14 - -10 - 7 - (45 - 53).
-3
Evaluate 6 + 6 - (8 + 4 - (33 - 22)).
11
What is the value of 6 - (59 + -36 - 5)?
-12
134 + (10 - 1 - (47 + -3 + -15))
114
What is 5 + -8 + 9 + -11 + (-22 - -2)?
-25
Calculate 1715 + -1623 - (129 + -6).
-31
-10 + 2 - -10 - (52 - 8 - -2)
-44
What is the value of (21 - 12) + 4 + (8 - 48) + 0?
-27
Calculate -15 + (12 - (-19 - -56)) - ((-1 - -5) + 0).
-44
(76 - 8) + (6 - (0 - -12)) + 10
72
What is (-126 - -138) + -1 + -11 + 5 + -18?
-13
What is -13 + -12 + 12 + -5 + -23?
-41
What is -88 + 102 + (-4 - -6 - 2)?
14
Evaluate 0 - ((22 - 18 - 9) + 15 + 0).
-10
Calculate (0 - 29) + (-226 - -175) + 159.
79
Evaluate -22 - (28 - 101 - -29).
22
Calculate -409 - -398 - (4 - -11 - -1).
-27
What is the value of (17 + 26 - (-17 + 28)) + -8?
24
164 + -124 + (35 - 15)
60
What is (13 - 7) + -24 + 21 + 10?
13
What is (93 - 44) + 2 - 87?
-36
What is (-44 - -18) + 3 + 14 - -33?
24
Evaluate (3 - 10 - (269 - 313)) + 15.
52
What is -13 + (14 - (-3 - 1)) + -33 + 33?
5
What is the value of (31 - 41 - ((49 - 67) + 0 + 1)) + 25?
32
Evaluate 263 + -252 + (5 - (13 - 0)) + 0.
3
-16 + -8 + 10 + 2 + 22 + -13
-3
Evaluate -2 - (13 - -1) - (14 + (-21 - -4)).
-13
Evaluate (48 + 53 - 46) + -23 + -30.
2
What is 17 + (22 - 9) + -23 + 39?
46
What is 109 - (19 - -93) - (2 - (-4 + -3))?
-12
What is 1 - 23 - (-17 - (-27 + 32))?
0
Evaluate (16 - (2 + 6 + -24 - -42)) + 1 + 76.
67
Calculate (7 - ((1 - 4) + -5 + 6)) + -3 + 1.
7
Evaluate -40 - (-25 + -70 - -134).
-79
(0 - 20 - (-3 - -7)) + (-27 - -5)
-46
Calculate 15 + (16 - (-18 + 11 + -22 + 13)).
47
Calculate (207 - (108 + -54)) + -111.
42
What is -107 - (19 + -15 + -68)?
-43
What is the value of 6 - 5 - -8 - (-1 + 35 + -66)?
41
98 - (37 + -10 + -17 - -8)
80
2632 - 2701 - (-7 + -1 + (-3 - 0))
-58
What is (0 - 30) + (631 - 594) - (-1 + 4)?
4
Calculate (-1 - 3) + 25 - ((5 - -7) + -2 - 10).
21
What is -47 + -30 + 80 + -49?
-46
What is (-20 - (8 - 59)) + (-4 - (9 - 12))?
30
What is -12 - ((8 - -10 - (-5 - -11)) + 12 + -4)?
-32
What is the value of -8 + (9 + 3 - -16 - (0 + 5))?
15
13 - (2 - (-30 - 5))
-24
What is (16 - (-2 - -21)) + (-2 - 33)?
-38
What is 3 + (-32 - (-6 + 7) - (-2 + -6))?
-22
-19 + -8 + 7 - (540 + -523)
-37
Evaluate 53 + (-19 - (20 - -15)).
-1
Evaluate -15 + 36 - (-13 - -46) - (3 + -13).
-2
Calculate (-72 - (-139 + 26)) + -40 + -1 + (-1 - 97).
-98
What is the value of -21 + (-22 - -5 - -5) + 35?
2
What is -9 + (168 - 161 - (0 + 9) - -69)?
58
What is the value of -13 + (7 - 0) + 2 + (4 + 2 - 7)?
-5
-38 - (-93 + 60 + 12)
-17
Calculate -617 + 827 + 3 + -69.
144
What is 37 - (-48 + 37 + 62)?
-14
(43 + 25 - 0) + -39
29
What is -16 + (3 - 14) + 18 + 22?
13
What is -25 + 76 + 58 - 81?
28
Calculate (-86 - -211) + -44 + -57.
24
What is -2 - (57 + -8 + -46)?
-5
29 + 484 + -462 + -93 + -1
-43
24 - 11 - -19 - 24
8
Calculate -23 - -28 - -5 - (-18 - -17 - (-77 - 2)).
-68
(12 - 27) + 22 + 53
60
What is the value of (-3 - -4 - (-7 + 5)) + (-36 - 12) + -19?
-64
What is 23 + (11 - (-3 + 28)) - -20?
29
Calculate 26 - (31 + -38 